 units digit of h?
3
Suppose 3 = o - 12. What is the tens digit of o?
1
Suppose 3*m - 45 = 2*m. Suppose 5*x = 15 - m. What is the units digit of (4/x)/((-4)/42)?
7
Suppose -4*g + 320 = 4*i, -5*i = g + 2*g - 404. What is the tens digit of i?
8
Let n be (-5 - -17)*(-2)/4. Let l(a) = -a**2 - 5*a + 8. Let x be l(n). Suppose -x*g + 8 = -g. What is the units digit of g?
8
Suppose 5*y = -m - m + 33, 0 = 2*m + y - 13. Suppose m*q + 2 = 2*q + 2*x, 4*x = 2*q + 8. Let s = 12 - q. What is the units digit of s?
0
Let m = 11 + 4. Suppose -s + m + 3 = 3*h, s + 2*h = 17. What is the tens digit of s?
1
Let h(y) be the second derivative of y**5/20 - y**4/4 + 2*y. What is the units digit of h(4)?
6
Suppose -4*a + 23 - 15 = 0. What is the units digit of a?
2
Let h = 6 + -8. What is the units digit of 1/(h/6*-3)?
1
Let r(f) = -6*f - 18. What is the tens digit of r(-6)?
1
Let t = 75 + -35. What is the units digit of t?
0
Let u = -74 - -107. Suppose 5*y + 3*i + u = 0, -5*y - 10 = -4*y + 4*i. Let h = -4 - y. What is the units digit of h?
2
Let x = 0 + 0. Suppose x = 4*l - 3*l - 6. What is the units digit of l?
6
Let p = -58 - -117. What is the units digit of p?
9
Let x = 16 + -11. Suppose 93 = 3*r - 2*k + x, 0 = -3*r - 2*k + 104. What is the tens digit of r?
3
Let d(y) = -y**2 + 5*y. Let k be d(5). Let l = -2 - k. What is the units digit of l/(-4)*26 + -2?
1
Let n = 2 + 2. Let a(u) be the second derivative of u**3/2 + u**2 + 4*u. What is the tens digit of a(n)?
1
Let v(y) be the second derivative of y**3/6 - 2*y**2 - y. Let d be v(10). Let s(x) = x**2 - 4*x + 2. What is the tens digit of s(d)?
1
Suppose 4*w = 2*j - 4*j + 304, 5*j + 2*w - 744 = 0. What is the hundreds digit of j?
1
Suppose -10*s + 199 - 29 = 0. What is the tens digit of s?
1
Let d be 8/(-2)*3/6. Let f(y) be the first derivative of 2*y**3/3 - 1. What is the units digit of f(d)?
8
Let z(a) = 0*a - a - 7*a + 0 - 3. What is the tens digit of z(-2)?
1
Suppose 5*t - 3*t - 76 = 0. What is the units digit of (t/(-8))/(6/(-24))?
9
Let l(f) = 2*f**2 + 3*f + 1. What is the tens digit of l(-4)?
2
Suppose 0*w + 20 = w. What is the units digit of w?
0
Suppose 0 = 3*f - 9, 12 - 4 = 4*m - 4*f. Suppose -10*k + m*k + 150 = 0. What is the tens digit of k?
3
Let f(j) be the first derivative of j**3/3 - 3*j**2 - 6*j + 1. Let d be f(5). Let n = d + 20. What is the units digit of n?
9
Let b = -25 - -78. What is the tens digit of 7/(-14) - b/(-2)?
2
Suppose -o = -4*l + 117, -4*l + 5*o = -2*l - 45. What is the units digit of l?
0
Let n(q) = 9*q**2 - q - 7. Let v(m) = 19*m**2 - 2*m - 15. Let c be 1/3*-1*-39. Let b(u) = c*n(u) - 6*v(u). What is the units digit of b(2)?
9
Let w(y) = y**2 - 9*y + 10. Let x be w(10). Let r = 35 - x. What is the units digit of r?
5
Let d = -12 - -21. Let c = -5 + d. Suppose 0 = 3*v + 3*k - 3, 4*v - c*k = -v + 23. What is the units digit of v?
3
Suppose 68*o - 1935 = 63*o. What is the units digit of o?
7
Let s = 14 + -22. Suppose -3*j - 88 = j. Let u = s - j. What is the units digit of u?
4
Let l(y) = y + 3. Let c be l(-7). Let j = -6 - c. What is the units digit of j + 1 - (-3 + -3)?
5
Suppose 7*s + 440 = 12*s. What is the units digit of s?
8
Let p(r) = r**3 + 5*r**2 + 2*r + 7. Suppose 5*z + 16 = -9. Let f be p(z). What is the units digit of -2*f/9*3?
2
What is the units digit of (-9)/2*(1 - (-25)/(-15))?
3
Let r be 5/15 + (-28)/(-6). Suppose -5*c - 3*g + 11 = -37, -r*c + g = -64. What is the tens digit of c?
1
Let x = 25 + -14. Let o be 20/x + (-4)/(-22). What is the units digit of o - 1/(1/(-3))?
5
Let t = 1 - -1. Suppose -t*a = -3*a + 11. What is the tens digit of a?
1
Let g(n) = 4*n**3 - 3*n**2 + 4*n + 1. Let x(i) = 5*i**3 - 3*i**2 + 4*i + 2. Let m(k) = 4*g(k) - 3*x(k). What is the units digit of m(4)?
0
Let h = -5 - -8. Suppose 5*j + 2*q = -0*j + 156, -4*j = -4*q - 108. Suppose h*l + 0*l = j. What is the tens digit of l?
1
What is the tens digit of (-10)/(4 - 22/5)?
2
Suppose 20 = -5*v + 5*m, -5*m - 52 = 6*v - 2*v. Let r = -13 - v. What is the units digit of ((-8)/r)/(4/10)?
4
Let p(z) = 54*z + 2. What is the units digit of p(1)?
6
Let n = 4 - 2. Suppose -m = -4*f - 6*m - 70, n*f = 3*m - 24. What is the units digit of (8/(-10))/(2/f)?
6
Suppose 0 = 4*s - w + 2*w + 8, 3*w + 12 = 0. Let b be 1/s + (-26)/(-2). Suppose 0 = -y - 3*y + b. What is the units digit of y?
3
Let d be (-3)/(3/(-14)) - -2. Suppose 4*n + 4 = -4*b, 5*b - n - 5 = -d. Let z = 4 + b. What is the units digit of z?
2
Suppose 0 = -3*w - 3*i + 2*i - 7, 4*w - 16 = 5*i. Let a(n) = 0*n**2 - 9*n**3 + 0*n**2 - 1. What is the units digit of a(w)?
8
Suppose 5*p = 215 + 15. What is the units digit of p?
6
Let c be (-3)/(-6) - 134/4. Let k = -15 - c. What is the units digit of k?
8
Suppose 4*v + 2*c = 6, v - 4*v + 18 = -3*c. Suppose 0 = 4*a - 5*w + 8, -2*a - v*w = -6*a - 8. What is the units digit of 36/(-2)*1/a?
9
What is the units digit of ((-2)/4)/(16/(-1824))?
7
Let c(i) = 8*i**2 - 5*i - 15. What is the hundreds digit of c(-4)?
1
Suppose 0 = -0*i + 4*i - 156. Let d = i - -15. Suppose 3*u + 18 = x, x = -4*x + 3*u + d. What is the units digit of x?
9
Let p(f) = -f**2 - 9*f + 11. Let j be -12 - -1*(-3 - -6). What is the units digit of p(j)?
1
Let g be 37/7 + (-2)/7. Suppose g*f - 1 - 4 = 0. What is the units digit of f?
1
Suppose 2*j + 10 + 8 = 0. What is the units digit of 28/(-3)*j/6?
4
Suppose -5*k = k - 1164. What is the units digit of k?
4
Let v(q) = -q**3 - 3*q**2 - q + 3. What is the tens digit of v(-5)?
5
Let r(z) = 12*z - 7. What is the tens digit of r(7)?
7
What is the tens digit of (-9220)/(-110) + (-2)/(-11)?
8
Let b(f) = -2*f + 5. What is the units digit of b(-6)?
7
Let p(v) = v**3 - 3*v**2 - 8*v - 4. Let x be p(6). What is the units digit of (-16)/(4 + x/(-12))?
4
Suppose 52 = -3*o - 2*j, j = 3*o + 5*j + 62. What is the units digit of 6/21 - 52/o?
4
Let d be ((-2)/(-3))/((-2)/(-9)). Suppose -d*u = -u + 4. Let v = u + 3. What is the units digit of v?
1
Let y(i) be the second derivative of -2/3*i**4 + 2*i**2 + 1/20*i**5 + 0 - 2*i - 3/2*i**3. What is the units digit of y(9)?
4
Let g(w) be the third derivative of -w**6/120 - 11*w**5/60 - 5*w**4/8 - 5*w**3/2 - 6*w**2. What is the tens digit of g(-10)?
3
Suppose 5*v - 3*d - 66 = 0, -4*v - 4*d = -2*d - 66. Suppose 0 = 5*j - v. What is the units digit of j?
3
Let r(i) = i**2 + 4*i + 7. What is the units digit of r(-8)?
9
Let n(m) = m**2 + 9*m - 10. Let x be n(-10). Suppose 2*p - 6*p = x. Let y = p - -6. What is the units digit of y?
6
Let i be (14/(-5) + 2)*-5. Suppose 2*l - i*n - 50 = 0, 0*n = n + 1. What is the tens digit of l?
2
Let p(f) = -f**3 + 7*f**2 - 5*f - 7. Let j be p(5). What is the units digit of j*((-21)/(-6))/7?
9
Let o be 3/9 - 23/(-3). Let g(c) = -c**2 + 7*c + 8. Let b be g(o). What is the units digit of 0 - (b + 0) - -7?
7
Suppose 3*f + 176 = 737. What is the hundreds digit of f?
1
Suppose -3*x + 2 + 1 = 3*r, -3*r - 4*x + 2 = 0. Suppose -p + 6*p + v = 89, 5*p + r*v - 88 = 0. What is the units digit of p?
8
Let u(y) = -y**3 + 8*y**2 + 8*y + 9. What is the units digit of u(8)?
3
Suppose -y + 3*x + 40 = 0, 3*x - 125 = -6*y + 4*y. Suppose 0 = -0*w - 5*w + 4*j + 51, -5*j - y = -5*w. What is the units digit of w?
7
What is the tens digit of ((-52)/(-65))/((4/610)/1)?
2
Suppose 0*h = h. Suppose -3*l + l + 18 = h. Suppose 4*r = -1 + l. What is the units digit of r?
2
Suppose 4*x - 314 = 2*h, -x - 412 = -6*x - 4*h. What is the tens digit of x?
8
Suppose -5*c - 2*p + 2 = 0, -p = c + c. Suppose c*n = 4*v, -3*v - v + 4*n - 8 = 0. What is the units digit of v?
2
Let r be 1/((-3)/(-21)) + -1. What is the units digit of r/((-1)/4*-6)?
4
Suppose -2*t = -7*t - 20. Let m(w) = -w**3 - 4*w**2 - 3*w - 6. Let l be m(t). Suppose -5*s + 3*s + l = 0. What is the units digit of s?
3
Let u(r) be the second derivative of r**5/20 - 5*r**4/24 - r**3/6 + 2*r. Let p(y) be the second derivative of u(y). What is the tens digit of p(4)?
1
Let t = 484 - 335. What is the tens digit of t?
4
Suppose -3*i + 2*o + 32 = 0, 0*o + 2*o + 8 = 0. What is the units digit of i?
8
Suppose 5*b = -4*c + 166, c + 0*c + 4*b - 36 = 0. What is the units digit of c?
4
Let v(d) = 8*d**2 - d + 2. What is the tens digit of v(2)?
3
Let m be (1 + 5)*2/4. Let j = m - 1. Let b = 7 - j. What is the units digit of b?
5
Let h 